en 79239581 is divided by 2277.
2258
Calculate the remainder when 3076558 is divided by 38444.
1038
Calculate the remainder when 3717105 is divided by 37171.
5
What is the remainder when 12521 is divided by 2448?
281
What is the remainder when 299618 is divided by 74830?
298
Calculate the remainder when 752308 is divided by 250746.
70
What is the remainder when 5508404 is divided by 367225?
29
Calculate the remainder when 600502 is divided by 3490.
222
What is the remainder when 365266 is divided by 52136?
314
Calculate the remainder when 395578 is divided by 3371.
1171
Calculate the remainder when 1007449 is divided by 286.
157
Calculate the remainder when 39488 is divided by 112.
64
Calculate the remainder when 108981922 is divided by 67817.
3
Calculate the remainder when 78416 is divided by 4714.
2992
What is the remainder when 450896 is divided by 112517?
828
Calculate the remainder when 39624 is divided by 5646.
102
Calculate the remainder when 123318 is divided by 252.
90
What is the remainder when 1111538 is divided by 10?
8
Calculate the remainder when 537399 is divided by 1508.
551
Calculate the remainder when 9864442 is divided by 137006.
10
Calculate the remainder when 55047 is divided by 498.
267
What is the remainder when 3192752 is divided by 1701?
1676
Calculate the remainder when 127977 is divided by 63958.
61
Calculate the remainder when 329065 is divided by 578.
183
What is the remainder when 2293 is divided by 726?
115
Calculate the remainder when 184405 is divided by 26329.
102
What is the remainder when 52721690 is divided by 578?
576
Calculate the remainder when 317264 is divided by 158627.
10
What is the remainder when 7308735 is divided by 725?
10
What is the remainder when 2099736 is divided by 524816?
472
Calculate the remainder when 258198 is divided by 8122.
6416
What is the remainder when 7244217 is divided by 232?
17
Calculate the remainder when 3924183 is divided by 51631.
227
What is the remainder when 1452 is divided by 607?
238
Calculate the remainder when 4999748 is divided by 1249937.
0
What is the remainder when 177583 is divided by 28?
7
Calculate the remainder when 3142435651 is divided by 63.
61
Calculate the remainder when 583516 is divided by 8581.
8
Calculate the remainder when 62176 is divided by 2276.
724
Calculate the remainder when 162627 is divided by 2362.
2011
What is the remainder when 25890655 is divided by 61?
59
What is the remainder when 127846 is divided by 1599?
1525
What is the remainder when 21724 is divided by 2546?
1356
Calculate the remainder when 5743987 is divided by 310.
307
Calculate the remainder when 65827201 is divided by 7562.
7553
What is the remainder when 2182309 is divided by 122?
95
Calculate the remainder when 3346907 is divided by 2313.
2309
What is the remainder when 82607824 is divided by 27535940?
4
Calculate the remainder when 936352 is divided by 16425.
127
Calculate the remainder when 33626 is divided by 1069.
487
Calculate the remainder when 526293 is divided by 3.
0
What is the remainder when 2047626 is divided by 1442?
1428
What is the remainder when 401565 is divided by 401447?
118
What is the remainder when 51013 is divided by 1022?
935
What is the remainder when 161881905 is divided by 419?
417
Calculate the remainder when 4178851 is divided by 80361.
79
What is the remainder when 3402438 is divided by 677?
513
What is the remainder when 528843 is divided by 2042?
2007
What is the remainder when 12954 is divided by 12919?
35
Calculate the remainder when 1960197 is divided by 27.
24
Calculate the remainder when 125619 is divided by 291.
198
What is the remainder when 4191299 is divided by 2293?
1988
What is the remainder when 7997431 is divided by 60131?
8
Calculate the remainder when 269230 is divided by 457.
57
What is the remainder when 503423 is divided by 3627?
2897
What is the remainder when 508001 is divided by 21165?
41
What is the remainder when 1286848 is divided by 159?
61
What is the remainder when 56162097 is divided by 285?
282
What is the remainder when 15976 is divided by 2153?
905
Calculate the remainder when 118553 is divided by 7663.
3608
Calculate the remainder when 23391186 is divided by 1.
0
Calculate the remainder when 2541118 is divided by 1422.
4
What is the remainder when 457787 is divided by 22785?
2087
What is the remainder when 686443 is divided by 343196?
51
What is the remainder when 159125 is divided by 32?
21
What is the remainder when 15285974 is divided by 969?
968
What is the remainder when 1561963 is divided by 9353?
12
What is the remainder when 1157950 is divided by 3009?
2494
Calculate the remainder when 5346863 is divided by 944.
47
Calculate the remainder when 3725363 is divided by 17.
0
Calculate the remainder when 173429 is divided by 86324.
781
What is the remainder when 53602327 is divided by 1175?
2
Calculate the remainder when 388071 is divided by 29826.
333
What is the remainder when 5264836 is divided by 800?
36
Calculate the remainder when 12026 is divided by 1074.
212
What is the remainder when 651003 is divided by 887?
832
What is the remainder when 57110 is divided by 57093?
17
Calculate the remainder when 1103369 is divided by 20.
9
What is the remainder when 4561067 is divided by 55?
27
What is the remainder when 18046770 is divided by 301?
14
What is the remainder when 14295895 is divided by 1786985?
15
What is the remainder when 69999 is divided by 9939?
426
What is the remainder when 11262 is divided by 3477?
831
Calculate the remainder when 13006992 is divided by 816.
768
Calculate the remainder when 23855395 is divided by 379.
377
Calculate the remainder when 115321 is divided by 7099.
1737
Calculate the remainder when 13739351 is divided by 293.
288
Calculate the remainder when 12625199 is divided by 435351.
20
What is the remainder when 86057534 is divided by 1472?
1470
Calculate the remainder when 10768864 is divided by 205.
9
Calculate the remainder when 97878 is divided by 5596.
2746
What is the remainder when 11540876 is divided by 1476?
32
What is the remainder when 16188812 is divided by 13?
3
Calculate the remainder when 100758 is divided by 1732.
302
What is the remainder when 363846 is divided by 90818?
574
What is the remainder when 38277338 is divided by 477?
473
Calculate the remainder when 59093657 is divided by 421.
413
What is the remainder when 9262331 is divided by 273?
260
What is the remainder when 32744080 is divided by 11260?
0
What is the remainder when 17145179 is divided by 2652?
2651
Calculate the remainder when 14882 is divided by 1549.
941
Calculate the remainder when 16540362 is divided by 4274.
4256
What is the remainder when 107869 is divided by 303?
1
Calculate the remainder when 242487 is divided by 1269.
108
What is the remainder when 35569753 is divided by 17784874?
5
What is the remainder when 20313 is divided by 199?
15
Calculate the remainder when 25717196 is divided by 251.
238
What is the remainder when 319887655 is divided by 193?
191
Calculate the remainder when 132706 is divided by 4283.
4216
What is the remainder when 1672822 is divided by 836300?
222
What is the remainder when 1590311 is divided by 83700?
11
Calculate the remainder when 49252 is divided by 4893.
322
Calculate the remainder when 984790 is divided by 76.
58
Calculate the remainder when 25613423 is divided by 2328491.
22
Calculate the remainder when 3502787 is divided by 184357.
4
What is the remainder when 13073265 is divided by 6536401?
463
What is the remainder when 285940 is divided by 94600?
2140
What is the remainder when 57497 is divided by 4354?
895
What is the remainder when 607552 is divided by 2678?
2324
What is the remainder when 36120 is divided by 1436?
220
Calculate the remainder when 285512 is divided by 142550.
412
What is the remainder when 2892704 is divided by 1069?
1059
Calculate the remainder when 13856818 is divided by 6239.
6238
What is the remainder when 75474 is divided by 950?
424
Calculate the remainder when 1095321 is divided by 185.
121
What is the remainder when 8829 is divided by 830?
529
What is the remainder when 886581 is divided by 53?
50
What is the remainder when 3435288 is divided by 220?
208
What is the remainder when 1003587 is divided by 566?